{"id":190,"date":"2012-12-29T16:37:43","date_gmt":"2012-12-29T14:37:43","guid":{"rendered":"http:\/\/musikschule-contact.de\/wordpress\/wordpress\/?page_id=190"},"modified":"2013-01-30T12:54:32","modified_gmt":"2013-01-30T10:54:32","slug":"klavier","status":"publish","type":"page","link":"https:\/\/musikschule-contakt.de\/?page_id=190","title":{"rendered":"Klavier"},"content":{"rendered":"<p><strong><img loading=\"lazy\" class=\"alignleft size-thumbnail wp-image-281\" title=\"Klavier1\" src=\"https:\/\/musikschule-contakt.de\/wordpress\/wordpress\/wp-content\/uploads\/2012\/12\/Ornella-150x150.jpg\" alt=\"\" width=\"150\" height=\"150\" \/><\/strong><strong>Anf\u00e4ngerunterricht:<\/strong><br \/>\nKinder ab 5 Jahren werden spielerisch ans Klavier gef\u00fchrt. Das Instrument wird erkundet und ausprobiert. \u00dcber das H\u00f6ren und Singen kann das Kind bereits nach kurzer Zeit einfache Melodien spielen. Die klassische Notation wird erlernt und nach und nach erweitert. Auch \u00e4ltere Kinder, Jugendliche und Erwachsene k\u00f6nnen ohne Vorkenntnisse das Klavierspiel erlernen. Individuell wird mit dem Sch\u00fcler nach einer passendene Lernmethode gesucht und mit Freude an der Musik nach und nach Fortschritte erzielt.<\/p>\n<p style=\"text-align: justify;\"><img loading=\"lazy\" class=\"alignright size-thumbnail wp-image-283\" title=\"Klavier2\" src=\"https:\/\/musikschule-contakt.de\/wordpress\/wordpress\/wp-content\/uploads\/2012\/12\/Hannes-150x150.jpg\" alt=\"\" width=\"150\" height=\"150\" \/><strong>Mittelstufe\/Fortgeschrittene:<\/strong><br \/>\nWerke aus verschiedenen Stilrichtungen werden erarbeitet. Je nach Interesse lernen die Sch\u00fcler klassische Klavier-literatur kennen oder erarbeiten Literatur der neuen Musik. Filmmusik, St\u00fccke aus der aktuellen Jazz-\/Popmusik und das Erlernen von einfacher bis komplexer Liedbegleitung hat sich gerade bei Jugendlichen bew\u00e4hrt.<\/p>\n","protected":false},"excerpt":{"rendered":"<p>Anf\u00e4ngerunterricht: Kinder ab 5 Jahren werden spielerisch ans Klavier gef\u00fchrt. Das Instrument wird erkundet und ausprobiert. \u00dcber das H\u00f6ren und Singen kann das Kind bereits nach kurzer Zeit einfache Melodien spielen. Die klassische Notation wird erlernt und nach und nach &hellip; <a href=\"https:\/\/musikschule-contakt.de\/?page_id=190\">Weiterlesen <span class=\"meta-nav\">&rarr;<\/span><\/a><\/p>\n","protected":false},"author":1,"featured_media":0,"parent":0,"menu_order":0,"comment_status":"closed","ping_status":"closed","template":"","meta":[],"_links":{"self":[{"href":"https:\/\/musikschule-contakt.de\/index.php?rest_route=\/wp\/v2\/pages\/190"}],"collection":[{"href":"https:\/\/musikschule-contakt.de\/index.php?rest_route=\/wp\/v2\/pages"}],"about":[{"href":"https:\/\/musikschule-contakt.de\/index.php?rest_route=\/wp\/v2\/types\/page"}],"author":[{"embeddable":true,"href":"https:\/\/musikschule-contakt.de\/index.php?rest_route=\/wp\/v2\/users\/1"}],"replies":[{"embeddable":true,"href":"https:\/\/musikschule-contakt.de\/index.php?rest_route=%2Fwp%2Fv2%2Fcomments&post=190"}],"version-history":[{"count":19,"href":"https:\/\/musikschule-contakt.de\/index.php?rest_route=\/wp\/v2\/pages\/190\/revisions"}],"predecessor-version":[{"id":470,"href":"https:\/\/musikschule-contakt.de\/index.php?rest_route=\/wp\/v2\/pages\/190\/revisions\/470"}],"wp:attachment":[{"href":"https:\/\/musikschule-contakt.de\/index.php?rest_route=%2Fwp%2Fv2%2Fmedia&parent=190"}],"curies":[{"name":"wp","href":"https:\/\/api.w.org\/{rel}","templated":true}]}}