{"id":1818,"date":"2018-05-20T17:37:28","date_gmt":"2018-05-20T15:37:28","guid":{"rendered":"http:\/\/musikschule-contakt.de\/?page_id=1818"},"modified":"2024-06-01T18:26:26","modified_gmt":"2024-06-01T16:26:26","slug":"10-jahriges-jubilaum-07-07-2018","status":"publish","type":"page","link":"https:\/\/musikschule-contakt.de\/?page_id=1818","title":{"rendered":"Tag der offenen T\u00fcr"},"content":{"rendered":"<p><strong>Musikschule conTakt 2008 &#8211; 2023<\/strong><\/p>\n<p><a href=\"https:\/\/musikschule-contakt.de\/wordpress\/wordpress\/wp-content\/uploads\/2024\/06\/Tag-der-offenen-Tuer-2024.jpg\"><img loading=\"lazy\" class=\"alignleft size-medium wp-image-2446\" src=\"https:\/\/musikschule-contakt.de\/wordpress\/wordpress\/wp-content\/uploads\/2024\/06\/Tag-der-offenen-Tuer-2024-212x300.jpg\" alt=\"\" width=\"212\" height=\"300\" srcset=\"https:\/\/musikschule-contakt.de\/wordpress\/wordpress\/wp-content\/uploads\/2024\/06\/Tag-der-offenen-Tuer-2024-212x300.jpg 212w, https:\/\/musikschule-contakt.de\/wordpress\/wordpress\/wp-content\/uploads\/2024\/06\/Tag-der-offenen-Tuer-2024-724x1024.jpg 724w, https:\/\/musikschule-contakt.de\/wordpress\/wordpress\/wp-content\/uploads\/2024\/06\/Tag-der-offenen-Tuer-2024-768x1086.jpg 768w, https:\/\/musikschule-contakt.de\/wordpress\/wordpress\/wp-content\/uploads\/2024\/06\/Tag-der-offenen-Tuer-2024-1086x1536.jpg 1086w, https:\/\/musikschule-contakt.de\/wordpress\/wordpress\/wp-content\/uploads\/2024\/06\/Tag-der-offenen-Tuer-2024.jpg 1414w\" sizes=\"(max-width: 212px) 100vw, 212px\" \/><\/a>SAVE THE DATE:<br \/>\nAm 09.06.2024&nbsp; holen wir die gro\u00dfe Jubil\u00e4umsfeier nach!<\/p>\n<p>Lesen Sie&nbsp;<strong><a href=\"https:\/\/musikschule-contakt.de\/wordpress\/wordpress\/wp-content\/uploads\/2013\/02\/kraichgau-text.pdf\">hier<\/a><\/strong>, was die Kraichgau-Stimme \u00fcber das 10-j\u00e4hrige Jubil\u00e4um geschrieben hat.<\/p>\n","protected":false},"excerpt":{"rendered":"<p>Musikschule conTakt 2008 &#8211; 2023 SAVE THE DATE: Am 09.06.2024&nbsp; holen wir die gro\u00dfe Jubil\u00e4umsfeier nach! Lesen Sie&nbsp;hier, was die Kraichgau-Stimme \u00fcber das 10-j\u00e4hrige Jubil\u00e4um geschrieben hat.<\/p>\n","protected":false},"author":2,"featured_media":0,"parent":0,"menu_order":0,"comment_status":"closed","ping_status":"closed","template":"","meta":[],"_links":{"self":[{"href":"https:\/\/musikschule-contakt.de\/index.php?rest_route=\/wp\/v2\/pages\/1818"}],"collection":[{"href":"https:\/\/musikschule-contakt.de\/index.php?rest_route=\/wp\/v2\/pages"}],"about":[{"href":"https:\/\/musikschule-contakt.de\/index.php?rest_route=\/wp\/v2\/types\/page"}],"author":[{"embeddable":true,"href":"https:\/\/musikschule-contakt.de\/index.php?rest_route=\/wp\/v2\/users\/2"}],"replies":[{"embeddable":true,"href":"https:\/\/musikschule-contakt.de\/index.php?rest_route=%2Fwp%2Fv2%2Fcomments&post=1818"}],"version-history":[{"count":18,"href":"https:\/\/musikschule-contakt.de\/index.php?rest_route=\/wp\/v2\/pages\/1818\/revisions"}],"predecessor-version":[{"id":2455,"href":"https:\/\/musikschule-contakt.de\/index.php?rest_route=\/wp\/v2\/pages\/1818\/revisions\/2455"}],"wp:attachment":[{"href":"https:\/\/musikschule-contakt.de\/index.php?rest_route=%2Fwp%2Fv2%2Fmedia&parent=1818"}],"curies":[{"name":"wp","href":"https:\/\/api.w.org\/{rel}","templated":true}]}}