{"id":1520,"date":"2016-09-01T23:13:10","date_gmt":"2016-09-01T21:13:10","guid":{"rendered":"http:\/\/musikschule-contakt.de\/?page_id=1520"},"modified":"2016-09-01T23:18:01","modified_gmt":"2016-09-01T21:18:01","slug":"harfissimi-2016-1-woche","status":"publish","type":"page","link":"https:\/\/musikschule-contakt.de\/?page_id=1520","title":{"rendered":"Harfissimi 2016, 1. Woche"},"content":{"rendered":"<p><img loading=\"lazy\" class=\"alignnone  wp-image-1521\" alt=\"Ensembleprobe\" src=\"https:\/\/musikschule-contakt.de\/wordpress\/wordpress\/wp-content\/uploads\/2016\/09\/aRIMG0012.jpg\" width=\"394\" height=\"296\" srcset=\"https:\/\/musikschule-contakt.de\/wordpress\/wordpress\/wp-content\/uploads\/2016\/09\/aRIMG0012.jpg 730w, https:\/\/musikschule-contakt.de\/wordpress\/wordpress\/wp-content\/uploads\/2016\/09\/aRIMG0012-300x225.jpg 300w, https:\/\/musikschule-contakt.de\/wordpress\/wordpress\/wp-content\/uploads\/2016\/09\/aRIMG0012-399x300.jpg 399w\" sizes=\"(max-width: 394px) 100vw, 394px\" \/><br \/>\nBei der Ensembleprobe<\/p>\n<p><img loading=\"lazy\" class=\"alignnone  wp-image-1522\" alt=\"Pause\" src=\"https:\/\/musikschule-contakt.de\/wordpress\/wordpress\/wp-content\/uploads\/2016\/09\/bRIMG0007.jpg\" width=\"394\" height=\"296\" srcset=\"https:\/\/musikschule-contakt.de\/wordpress\/wordpress\/wp-content\/uploads\/2016\/09\/bRIMG0007.jpg 730w, https:\/\/musikschule-contakt.de\/wordpress\/wordpress\/wp-content\/uploads\/2016\/09\/bRIMG0007-300x225.jpg 300w, https:\/\/musikschule-contakt.de\/wordpress\/wordpress\/wp-content\/uploads\/2016\/09\/bRIMG0007-399x300.jpg 399w\" sizes=\"(max-width: 394px) 100vw, 394px\" \/><br \/>\nIm Aufenthaltsraum &#8211; warten auf den n\u00e4chsten Unterricht<\/p>\n<p><img loading=\"lazy\" class=\"alignnone  wp-image-1523\" alt=\"\" src=\"https:\/\/musikschule-contakt.de\/wordpress\/wordpress\/wp-content\/uploads\/2016\/09\/cRIMG0110.jpg\" width=\"394\" height=\"296\" srcset=\"https:\/\/musikschule-contakt.de\/wordpress\/wordpress\/wp-content\/uploads\/2016\/09\/cRIMG0110.jpg 730w, https:\/\/musikschule-contakt.de\/wordpress\/wordpress\/wp-content\/uploads\/2016\/09\/cRIMG0110-300x225.jpg 300w, https:\/\/musikschule-contakt.de\/wordpress\/wordpress\/wp-content\/uploads\/2016\/09\/cRIMG0110-399x300.jpg 399w\" sizes=\"(max-width: 394px) 100vw, 394px\" \/> <img loading=\"lazy\" class=\"alignnone  wp-image-1524\" alt=\"K\u00fcche\" src=\"https:\/\/musikschule-contakt.de\/wordpress\/wordpress\/wp-content\/uploads\/2016\/09\/dRIMG0015.jpg\" width=\"394\" height=\"296\" srcset=\"https:\/\/musikschule-contakt.de\/wordpress\/wordpress\/wp-content\/uploads\/2016\/09\/dRIMG0015.jpg 730w, https:\/\/musikschule-contakt.de\/wordpress\/wordpress\/wp-content\/uploads\/2016\/09\/dRIMG0015-300x225.jpg 300w, https:\/\/musikschule-contakt.de\/wordpress\/wordpress\/wp-content\/uploads\/2016\/09\/dRIMG0015-399x300.jpg 399w\" sizes=\"(max-width: 394px) 100vw, 394px\" \/><br \/>\nGemeinsames Kochen<\/p>\n<p><img loading=\"lazy\" class=\"alignnone  wp-image-1525\" alt=\"Ensembleprobe\" src=\"https:\/\/musikschule-contakt.de\/wordpress\/wordpress\/wp-content\/uploads\/2016\/09\/eRIMG0016.jpg\" width=\"394\" height=\"296\" srcset=\"https:\/\/musikschule-contakt.de\/wordpress\/wordpress\/wp-content\/uploads\/2016\/09\/eRIMG0016.jpg 730w, https:\/\/musikschule-contakt.de\/wordpress\/wordpress\/wp-content\/uploads\/2016\/09\/eRIMG0016-300x225.jpg 300w, https:\/\/musikschule-contakt.de\/wordpress\/wordpress\/wp-content\/uploads\/2016\/09\/eRIMG0016-399x300.jpg 399w\" sizes=\"(max-width: 394px) 100vw, 394px\" \/><br \/>\nProben, proben, proben,&#8230;<\/p>\n<p><img loading=\"lazy\" class=\"alignnone  wp-image-1526\" alt=\"Kost\u00fcmiert\" src=\"https:\/\/musikschule-contakt.de\/wordpress\/wordpress\/wp-content\/uploads\/2016\/09\/fRIMG0146.jpg\" width=\"394\" height=\"296\" srcset=\"https:\/\/musikschule-contakt.de\/wordpress\/wordpress\/wp-content\/uploads\/2016\/09\/fRIMG0146.jpg 730w, https:\/\/musikschule-contakt.de\/wordpress\/wordpress\/wp-content\/uploads\/2016\/09\/fRIMG0146-300x225.jpg 300w, https:\/\/musikschule-contakt.de\/wordpress\/wordpress\/wp-content\/uploads\/2016\/09\/fRIMG0146-399x300.jpg 399w\" sizes=\"(max-width: 394px) 100vw, 394px\" \/><br \/>\nSpa\u00df muss sein &#8211; kost\u00fcmiert zum Galadinner!<\/p>\n<p><img loading=\"lazy\" class=\"alignnone  wp-image-1527\" alt=\"Speiseraum\" src=\"https:\/\/musikschule-contakt.de\/wordpress\/wordpress\/wp-content\/uploads\/2016\/09\/uRIMG0091.jpg\" width=\"394\" height=\"296\" srcset=\"https:\/\/musikschule-contakt.de\/wordpress\/wordpress\/wp-content\/uploads\/2016\/09\/uRIMG0091.jpg 730w, https:\/\/musikschule-contakt.de\/wordpress\/wordpress\/wp-content\/uploads\/2016\/09\/uRIMG0091-300x225.jpg 300w, https:\/\/musikschule-contakt.de\/wordpress\/wordpress\/wp-content\/uploads\/2016\/09\/uRIMG0091-399x300.jpg 399w\" sizes=\"(max-width: 394px) 100vw, 394px\" \/><br \/>\nIm Speiseraum<\/p>\n<p><img loading=\"lazy\" class=\"alignnone  wp-image-1528\" alt=\"Warten\" src=\"https:\/\/musikschule-contakt.de\/wordpress\/wordpress\/wp-content\/uploads\/2016\/09\/vRIMG0007_1.jpg\" width=\"394\" height=\"296\" srcset=\"https:\/\/musikschule-contakt.de\/wordpress\/wordpress\/wp-content\/uploads\/2016\/09\/vRIMG0007_1.jpg 730w, https:\/\/musikschule-contakt.de\/wordpress\/wordpress\/wp-content\/uploads\/2016\/09\/vRIMG0007_1-300x225.jpg 300w, https:\/\/musikschule-contakt.de\/wordpress\/wordpress\/wp-content\/uploads\/2016\/09\/vRIMG0007_1-399x300.jpg 399w\" sizes=\"(max-width: 394px) 100vw, 394px\" \/> <img loading=\"lazy\" class=\"alignnone  wp-image-1529\" alt=\"Generalprobe\" src=\"https:\/\/musikschule-contakt.de\/wordpress\/wordpress\/wp-content\/uploads\/2016\/09\/wRIMG0054.jpg\" width=\"394\" height=\"296\" srcset=\"https:\/\/musikschule-contakt.de\/wordpress\/wordpress\/wp-content\/uploads\/2016\/09\/wRIMG0054.jpg 730w, https:\/\/musikschule-contakt.de\/wordpress\/wordpress\/wp-content\/uploads\/2016\/09\/wRIMG0054-300x225.jpg 300w, https:\/\/musikschule-contakt.de\/wordpress\/wordpress\/wp-content\/uploads\/2016\/09\/wRIMG0054-399x300.jpg 399w\" sizes=\"(max-width: 394px) 100vw, 394px\" \/><br \/>\nGeneralprobe vor dem Abschlusskonzert<\/p>\n<p><img loading=\"lazy\" class=\"alignnone  wp-image-1530\" alt=\"Gruppenfoto\" src=\"https:\/\/musikschule-contakt.de\/wordpress\/wordpress\/wp-content\/uploads\/2016\/09\/xP8020114_DxO_bearbeitet-1.jpg\" width=\"393\" height=\"251\" srcset=\"https:\/\/musikschule-contakt.de\/wordpress\/wordpress\/wp-content\/uploads\/2016\/09\/xP8020114_DxO_bearbeitet-1.jpg 910w, https:\/\/musikschule-contakt.de\/wordpress\/wordpress\/wp-content\/uploads\/2016\/09\/xP8020114_DxO_bearbeitet-1-300x191.jpg 300w, https:\/\/musikschule-contakt.de\/wordpress\/wordpress\/wp-content\/uploads\/2016\/09\/xP8020114_DxO_bearbeitet-1-469x300.jpg 469w\" sizes=\"(max-width: 393px) 100vw, 393px\" \/><br \/>\nFotoshooting mit Sebastian Erlewein<\/p>\n","protected":false},"excerpt":{"rendered":"<p>Bei der Ensembleprobe Im Aufenthaltsraum &#8211; warten auf den n\u00e4chsten Unterricht Gemeinsames Kochen Proben, proben, proben,&#8230; Spa\u00df muss sein &#8211; kost\u00fcmiert zum Galadinner! Im Speiseraum Generalprobe vor dem Abschlusskonzert Fotoshooting mit Sebastian Erlewein<\/p>\n","protected":false},"author":2,"featured_media":0,"parent":0,"menu_order":0,"comment_status":"closed","ping_status":"closed","template":"","meta":[],"_links":{"self":[{"href":"https:\/\/musikschule-contakt.de\/index.php?rest_route=\/wp\/v2\/pages\/1520"}],"collection":[{"href":"https:\/\/musikschule-contakt.de\/index.php?rest_route=\/wp\/v2\/pages"}],"about":[{"href":"https:\/\/musikschule-contakt.de\/index.php?rest_route=\/wp\/v2\/types\/page"}],"author":[{"embeddable":true,"href":"https:\/\/musikschule-contakt.de\/index.php?rest_route=\/wp\/v2\/users\/2"}],"replies":[{"embeddable":true,"href":"https:\/\/musikschule-contakt.de\/index.php?rest_route=%2Fwp%2Fv2%2Fcomments&post=1520"}],"version-history":[{"count":4,"href":"https:\/\/musikschule-contakt.de\/index.php?rest_route=\/wp\/v2\/pages\/1520\/revisions"}],"predecessor-version":[{"id":1534,"href":"https:\/\/musikschule-contakt.de\/index.php?rest_route=\/wp\/v2\/pages\/1520\/revisions\/1534"}],"wp:attachment":[{"href":"https:\/\/musikschule-contakt.de\/index.php?rest_route=%2Fwp%2Fv2%2Fmedia&parent=1520"}],"curies":[{"name":"wp","href":"https:\/\/api.w.org\/{rel}","templated":true}]}}